What is -3cf1e (base 16) in base 11?
-160607
-11524 (base 8) to base 11
-3799
-7a53 (base 15) to base 9
-38536
-563415 (base 9) to base 14
-8ac12
Convert 255890 (base 10) to base 13.
8c61b
What is 146591 (base 11) in base 2?
110111101111010010
What is 132110031000 (base 4) in base 5?
4013301242
What is 1001011100011110 (base 2) in base 3?
1222001211
What is -8951 (base 12) in base 16?
-3b4d
-a0684 (base 12) to base 10
-208324
-50a5796 (base 11) to base 9
-17854805
22444054 (base 6) to base 11
43175a
Convert 16660130 (base 7) to base 8.
6214323
Convert 3c139 (base 15) to base 5.
22131104
What is 444a774 (base 11) in base 6?
435130054
-142017 (base 13) to base 12
-1b7653
What is -8325 (base 10) in base 15?
-2700
What is -23532204 (base 6) in base 12?
-2ba064
Convert -36047 (base 15) to base 7.
-1315006
Convert 10a38 (base 16) to base 7.
402460
What is 101011000010001100100 (base 2) in base 5?
330111043
-2b52d8 (base 16) to base 12
-b4b108
Convert -31200302102 (base 4) to base 7.
-42052001
21211111020 (base 3) to base 8
455100
11740 (base 11) to base 3
212010120
Convert 24147 (base 10) to base 15.
724c
3ce09d (base 16) to base 9
7450706
-534143535 (base 6) to base 14
-137989d
What is -50b0b2 (base 12) in base 15?
-19e4a2
Convert -102000110 (base 4) to base 12.
-36818
Convert -1060131 (base 7) to base 9.
-221216
10000110001010100111 (base 2) to base 15
acc63
Convert -15802 (base 14) to base 10.
-53706
Convert 307668 (base 9) to base 12.
89952
What is -348a43 (base 11) in base 6?
-15511022
211c1 (base 15) to base 14
2a3c3
What is 22254142 (base 6) in base 14?
13859c
Convert -20121001011 (base 3) to base 16.
-1fb01
Convert 16230783 (base 10) to base 12.
5528993
-615500 (base 7) to base 16
-19af3
-11265126 (base 7) to base 16
-f1f14
Convert -29629 (base 15) to base 14.
-36690
What is 340a66 (base 12) in base 10?
830958
36537207 (base 8) to base 11
45a477a
Convert 12c1a1 (base 16) to base 8.
4540641
What is -8ac80 (base 15) in base 11?
-281838
Convert -14287 (base 12) to base 15.
-8494
163aa4 (base 14) to base 8
2760640
What is -201002221000112 (base 3) in base 12?
-3498888
-101131203330 (base 4) to base 12
-1649050
What is 94584 (base 11) in base 10?
137790
Convert -15303c9 (base 13) to base 11.
-3904139
What is -110001100001100011 (base 2) in base 11?
-129450
33231223200 (base 4) to base 12
1467a00
Convert 20418828 (base 9) to base 7.
146266514
What is -3112066 (base 9) in base 14?
-3136b1
Convert 4433315 (base 6) to base 16.
364af
Convert f5258 (base 16) to base 7.
11351315
Convert 270225 (base 15) to base 12.
764322
41221152 (base 7) to base 3
20111022102110
Convert 44332423 (base 5) to base 2.
1011110011000110101
What is -1a69170 (base 14) in base 5?
-11332211022
What is 151522041 (base 6) in base 16?
305689
100020121211100 (base 3) to base 9
10217740
-1230222000 (base 4) to base 16
-6ca80
What is -5402720 (base 8) in base 9?
-2638724
-1001111001100011101 (base 2) to base 3
-121110222010
Convert -3321440312 (base 5) to base 13.
-1659639
What is -1111111101011010101111 (base 2) in base 9?
-7775885
What is -4340035 (base 6) in base 10?
-215159
Convert 2815310 (base 11) to base 15.
65ceba
3200030144 (base 5) to base 16
655b75
What is -325064 (base 12) in base 11?
-4a4619
Convert 3b7b9 (base 14) to base 10.
146967
-130203240 (base 5) to base 9
-1162463
What is 2120302234 (base 5) in base 4?
101001203203
2122210120102 (base 3) to base 11
885854
Convert 5551f6 (base 16) to base 12.
1a57a1a
What is 3746997 (base 10) in base 8?
16226265
-33b04 (base 16) to base 9
-352370
Convert -5028144 (base 9) to base 6.
-133210104
-3146a7a (base 11) to base 8
-25113235
136594 (base 13) to base 3
212221021001
What is c13c7a (base 13) in base 3?
22110020221220
What is 300132301 (base 4) in base 12?
96b01
111001011100110100 (base 2) to base 6
5013232
What is -251332203 (base 6) in base 15?
-657146
What is 1000000111101111111001 (base 2) in base 5?
1021111024
Convert 18a9114 (base 14) to base 6.
1114212114
What is 2113422222 (base 5) in base 8?
20727741
Convert 2130333 (base 9) to base 7.
12464055
What is 481c5 (base 16) in base 6?
10155233
What is -531959 (base 11) in base 9?
-1537231
Convert 41489 (base 11) to base 6.
1143552
-1223434340 (base 5) to base 6
-143140502
-424451 (base 8) to base 7
-1126566
What is -102212111210 (base 3) in base 11?
-14a601
2980218 (base 10) to base 3
12121102002110
What is -5fcc41 (base 16) in base 15?
-840324
31b44e (base 15) to base 5
1101214344
Convert -110112022002 (base 3) to base 5.
-30342440
Convert -1742962 (base 11) to base 7.
-34112350
-504430035 (base 6) to base 3
-121012221000212
1f6508 (base 16) to base 4
13312110020
Convert 2497034 (base 10) to base 4.
21201220022
Convert 13434305 (base 6) to base 11.
291560
-244b8 (base 14) to base 13
-31523
2893a (base 12) to base 10
56638
Convert 53505334 (base 6) to base 16.
181ada
What is -2221012010 (base 3) in base 16?
-e181
Convert 2213102310 (base 4) to base 15.
d8076
Convert 2527971 (base 10) to base 13.
6a6854
What is 5dbd0 (base 15) in base 11?
195168
118887 (base 10) to base 4
131001213
-7145404 (base 10) to base 6
-413052324
Convert 131213332 (base 4) to base 11.
83191
Convert -a17a48 (base 12) to base 14.
-499492
What is 101605 (base 9) in base 11?
41310
-29163 (base 12) to base 6
-1121003
Convert -23437c (base 13) to base 8.
-3144043
17135 (base 14) to base 3
2221101020
What is 2c0694 (base 14) in base 6?
52544042
Convert -100011110000011110110 (base 2) to base 9.
-2175241
Convert 30616 (base 12) to base 11.
43445
What is 43321113 (base 6) in base 15?
1a6013
-101001201222 (base 3) to base 7
-1453355
Convert -121393 (base 13) to base 10.
-431239
Convert -63356 (base 7) to base 2.
-11110100000111
What is 1b817 (base 16) in base 10?
112663
What is 11111010011 (base 2) in base 14?
a31
Convert -46434053 (base 7) to base 3.
-21200002002112
15254331 (base 6) to base 4
2002322233
Convert 2132b56 (base 12) to base 3.
102211110200010
What is 11211022000211 (base 3) in base 9?
4738024
-6336607 (base 9) to base 7
-40550245
3245659 (base 10) to base 14
606b6b
Convert -63486 (base 13) to base 2.
-101011101000110111
What is 162472 (base 8) in base 3?
2222111102
What is 2a26c (base 13) in base 4?
103122200
-1e287 (base 15) to base 4
-120002110
What is -31204612 (base 7) in base 12?
-a66327
-102156562 (base 7) to base 15
-7e208d
Convert 135a1 (base 12) to base 8.
64211
What is -28010 (base 10) in base 2?
-110110101101010
What is -508173 (base 10) in base 9?
-854066
Convert 24123704 (base 8) to base 6.
305143232
What is -354414 (base 8) in base 4?
-131210030
Convert -10111100101010 (base 2) to base 13.
-565a
Convert 3414032 (base 10) to base 16.
341810
Convert 746743 (base 8) to base 5.
30434230
What is -6282114 (base 9) in base 3?
-20022202010111
Convert 10000010101000110 (base 2) to base 9.
111667
What is -267a0d (base 14) in base 16?
-1440dd
2102233330 (base 4) to base 12
24ba24
What is 16c8b (base 14) in base 8?
160013
What is -143315 (base 10) in base 11?
-98747
What is 315124 (base 8) in base 4?
121221110
What is -622da (base 14) in base 7?
-2003463
What is -10002100010211 (base 3) in base 6?
-55054121
What is -a6042 (base 15) in base 16?
-808e2
What is -15340230 (base 6) in base 5?
-114314233
-4938ba2 (base 12) to base 14
-1c73306
Convert 1b9c9c (base 15) to base 16.
149760
Convert -138991 (base 10) to base 8.
-417357
What is 1b926 (base 13) in base 15?
1113b
What is 99560 (base 11) in base 16?
23423
What is 45481 (base 12) in base 9?
150487
What is -42334114 (base 5) in base 8?
-1266316
Convert -52250025 (base 6) to base 5.
-341440131
What is -441315 (base 7) in base 13?
-2927a
322342001 (base 5) to base 11
85747a
Convert -2000211022120 (base 3) to base 13.
-2ba268
92a49 (base 12) to base 6
4034533
-1212100210221 (base 3) to base 16
-f2047
15682 (base 11) to base 12
10968
Convert 86969 (base 10) to base 13.
3077c
Convert -63456 (base 9) to base 8.
-121710
-c6510 (base 13) to base 12
-152570
What is -13407c (base 13) in base 7?
-3650133
Convert 30140344 (base 5) to base 9.
405316
Convert -224224424 (base 6) to base 3.
-21202120021221
Convert 2ca7c7 (base 13) to base 7.
12265112
-100100011000001110 (base 2) to base 7
-1160264
What is a0c5a (base 16) in base 6?
22040414
What is 220110